1 - -26)?
1
What is 0 + -3 - (9 + (9 - 18))?
-3
(-5 - (-3 - 7)) + (1 - 2)
4
Evaluate -1 - (5 + 1 + -2).
-5
What is the value of -7 - (-7 - (0 + 2 + -6))?
-4
What is 0 + (6 + -11 - -1)?
-4
(7 - 4) + -7 + 3
-1
What is the value of 4 + (1 + -6 - -4) + 0?
3
What is 2 + -1 + 0 - (3 + 2)?
-4
Evaluate (-3 - -1) + -3 + 11 + -7.
-1
Evaluate (-12 - -29) + -10 - (-2 - 0).
9
Calculate 0 + -3 - 0 - (-7 + 0).
4
What is the value of (2 - -2) + (-33 - -30)?
1
Calculate (3 - 2) + -2 + 4 + -6.
-3
Calculate 3 + (1 - -2) + (-55 - -54).
5
What is -5 + (-2 - -7) - 5?
-5
Calculate 2 + 1 + -5 + 5 + -3.
0
Calculate (4 + -2 - 5) + 7.
4
(-4 - (5 + -5)) + 2 + 5
3
Calculate (-1 - 1) + -1 + -5.
-8
Calculate 3 + (0 - 3) - 1.
-1
-6 + 6 - 4 - (4 - 0)
-8
Calculate -14 + (-3 - -28) + -8.
3
-9 + 21 + (-30 - -15)
-3
What is the value of 2 - (-1 - -5 - 4) - 5?
-3
What is -7 + (2 - (2 - 2))?
-5
Calculate 6 - (-1 - (3 - 8)) - 2.
0
1 - (3 + -12) - (9 - 4)
5
What is 3 - (2 - -9) - -3?
-5
What is 5 + 1 + (-11 - -3) - -6?
4
What is 6 + (5 - 9) + 6 + -2?
6
What is the value of 9 + (4 - 12) + -6?
-5
What is 25 + -21 - (2 - -7)?
-5
What is the value of 0 - -1 - (8 + -7 + 2)?
-2
-18 + 11 + 8 - -4
5
(11 - 10) + -5 + 11
7
Calculate -4 - ((-11 - 6) + 6).
7
(6 - 8) + -12 + 2 + 5
-7
3 + 0 - -1 - (-3 - -10)
-3
Calculate 6 + (-2 - 1) - (5 + -2).
0
What is the value of (2 - 3 - -1) + (-3 - 1)?
-4
What is (1 - 6) + -64 + 73?
4
-19 + 18 - (-2 + (0 - 1))
2
What is the value of 4 + (6 + -7 - (0 - 0))?
3
Calculate 1 - (-2 - 3 - (1 - 5)).
2
What is -10 + (13 - -3) + -1 + 4?
9
Evaluate 3 + (-1 + 2 + -5 - -1).
0
Evaluate (0 + -2 - -4) + (1 - 1).
2
-5 + 4 + -4 + 2 + 4
1
What is the value of 5 - (7 + -3 - 8) - 4?
5
What is 5 + -1 + 0 + -7?
-3
What is -15 + -11 + (8 - -13)?
-5
-1 + 1 + 19 + -15
4
Evaluate 2 + 1 - (-6 - -6).
3
(3 + 1 - 1) + (-22 - -29)
10
(-23 - -15) + (-5 - -10)
-3
Evaluate -8 + 10 + (-7 - 2) + 2.
-5
Evaluate -5 + (7 - (-6 - -7)) + 1.
2
Evaluate 0 - 1 - (3 + -2).
-2
Calculate 8 - 5 - (7 - 1) - 1.
-4
What is 4 + (1 - 2) + (2 - 3)?
2
What is 0 - (0 + -3) - -1?
4
Evaluate 3 + -14 + 7 + 4 + 1.
1
-17 - -26 - (0 + (1 - -1))
7
What is -4 + 0 - (-2 - -1 - 0)?
-3
(-4 - (-3 + 3)) + 5 - -6
7
What is the value of 2 + (-3 - (1 + -5)) - -1?
4
1 + (-7 - 1 - -2)
-5
5 - (-11 - (-15 + 4))
5
Calculate -2 + -5 + -2 + 5 - 2.
-6
Calculate (6 - 1) + 79 + -87.
-3
-6 - (-11 - (-3 - 3))
-1
What is -5 - (5 - 5 - 4)?
-1
4 - 2 - 12 - -5
-5
Evaluate (-9 - -9) + (-5 - 1).
-6
What is the value of (4 - (-4 - -9)) + 4?
3
What is 2 + -1 - (55 - 53)?
-1
Calculate -2 + -4 - (-2 - 3) - -1.
0
What is the value of (-9 - -5 - 0) + -3?
-7
Calculate -7 + (-2 - -3) + 23 + -12.
5
What is -13 + 5 + 1 + 13?
6
-5 - (10 - 1 - 9)
-5
Evaluate -5 - ((-2 - -3) + -9 + 5).
-2
What is the value of (-1 - (-1 + -2)) + -4?
-2
Calculate -2 - (-4 + (2 - 3)).
3
Calculate 1 + (-2 - -7 - 3).
3
Evaluate -4 + (1 - (2 - 9)).
4
Calculate 1 + 10 + (-12 - -5).
4
Evaluate (3 - (4 - 2 - -2)) + 3.
2
-2 + 1 + 10 + -8 + -4
-3
Calculate 1 - ((-15 - -15) + -1 + -2).
4
-6 + (1 - -8) + -2 + -6
-5
Calculate -1 - 4 - (-13 + 4) - 4.
0
What is the value of (3 - 0) + -4 + 9?
8
What is -7 + -2 + (8 - 1) - -10?
8
What is the value of -1 + (-3 + -1 - 0)?
-5
What is the value of 4 - ((0 - 12) + 6 + 1)?
9
Calculate (0 - (14 + -7)) + 2.
-5
What is -1 + 7 + (16 - (5 + 17))?
0
What is the value of -3 - (-1 - (2 + 0)) - 0?
0
2 + (0 - 6) + 2
-2
1 + 5 + -6 + 2
2
-2 - (-2 + 2 - -1)
-3
2 - (5 - (3 + -6) - 4)
-2
Calculate 4 - (12 + -7) - (2 + 3).
-6
What is -5 - (9 + -13 - (-4 - -2))?
-3
What is -7 + 1 + -1 + -2 - -3?
-6
What is the value of -1 + 0 - 0 - 0 - 2?
-3
(13 - (-9 + 34)) + 22
10
What is 6 + -2 + -2 + 1 - -3?
6
What is the value of -3 + 4 + (2 - 4) + -4?
-5
What is the value of 0 + (-2 + 2 - -3) + 3?
6
(2 - 6) + (3 - 5)
-6
What is -13 - (4 + -10) - 0?
-7
5 + (2 - 7 - 4)
-4
What is 6 + (-4 - -4) + (0 - 4)?
2
What is the value of (6 - 7) + -1 + 6?
4
What is -4 - (-9 - -1) - 7?
-3
Calculate 1 + -1 + -1 + 0 + 3.
2
Evaluate 4 - 6 - (-2 - -4).
-4
Evaluate (1 - -4 - 3) + (-2 - -4).
4
-2 + -2 - (-11 + 2)
5
Evaluate 0 + (-3 + 2 - 2).
-3
-6 - (-9 - -4 - -4)
-5
What is 1 + 0 - (-35 - -29)?
7
What is 4 + 5 + 0 + -5?
4
Evaluate -7 - (-8 - -3 - 0).
-2
What is -12 - (-8 + 7 + -6)?
-5
Evaluate 8 + (13 - 15) - 7.
-1
Evaluate -56 - -56 - (-5 + 0).
5
Evaluate 12 - 5 - (2 + 0 - -2).
3
Evaluate 4 + 0 - (1 + 0).
3
Calculate 3 - (-6 + 9 + -1) - 2.
-1
Calculate (4 - (2 - 3)) + 0 + -1.
4
Evaluate 2 + (-2 + 5 - 5).
0
What is -1 - (-1 + 0) - (-9 - -4)?
5
Evaluate 7 + -7 - 0 - 4.
-4
What is -18 - -13 - (-2 + -1)?
-2
What is -6 - 1 - (-4 + -8)?
5
Evaluate (-4 - 3 - -8) + (1 - 0).
2
What is the value of 22 - 2 - 8 - 4?
8
Evaluate 3 + 2 + -3 + -3.
-1
What is 7 - (-5 + (0 - 0) + 7)?
5
Calculate 3 - ((-3 - -2) + 4 - 3).
3
-1 + -4 + 9 + 1
5
Calculate 2 - (0 - (-3 + 1)).
0
What is -1 + (14 - (1 + 0 + 6))?
6
Evaluate 18 + (-19 - -6) + (0 - 13).
-8
What is 36 + -22 + (-9 - 0)?
5
Calculate 1 - (-4 - -2 - -3 - -5).
-5
What is -4 - (0 + (3 - (-4 - -6)))?
-5
Evaluate -2 - 0 - (36 + -41).
3
Evaluate 1 + -12 - -1 - (67 - 72).
-5
-2 + (2 - (0 + (5 - 1)))
-4
What is the value of 3 + 2 + -3 + 1?
3
What is the value of 7 + (-2 - -5) - 7?
3
What is -1 - -18 - 14 - -1?
4
-1 + 8 + 1 + -6
2
Evaluate (-2 - -11) + -20 - -5.
-6
What is the value of 0 + (2 - 10) - (10 + -13)?
-5
Calculate 2 - (7 + -4 - -2).
-3
Evaluate 0 - (5 + (2 - (5 + 0))).
-2
What is 13 - (3 + 5) - (1 + 1)?
3
Calculate -7 - 0 - (-248 + 245).
-4
What is the value of 14 - (5 + -3 + 18)?
-6
-10 - (8 + (-19 - -7))
-6
Calculate -4 + 7 + (-2 - -2) + -6.
-3
Evaluate (6 - 7) + 7 + 0.
6
1 + 4 - 7 - (0 + 2)
-4
What is the value of 3 + (-7 + 5 - 3) + -2?
-4
Evaluate (-14 - 0) + (6 - (5 - 4)).
-9
Evaluate -11 - (4 + (-11 - -2)).
-6
What is the value of (0 - (-5 - -4)) + -3?
-2
Evaluate -7 + (7 - 5) + -4 + 9.
0
Calculate 1 - (-11 + 13) - -8.
7
Calculate 2 + -2 + 8 - 3.
5
Evaluate (-1 - (-4 + 2)) + 4.
5
0 + 2 - (24 - 20)
-2
-1 + -6 + 3 - -5
1
Calculate (11 - (1 + 0)) + -14.
-4
(2 - (0 + -14)) + (-7 - -1)
10
Evaluate 8 - (22 - 12) - 7.
-9
What is the value of -13 + (10 - 2) - 0?
-5
Evaluate -3 - (4 + -3) - 0.
-4
Calculate -2 + 6 + -2 + (-4 - -5).
3
What is the value of (-3 - (5 - 2)) + 0 + 2?
-4
What is (78 - 88) + (-1 - -12)?
1
-4 + -2 - (23 - 21)
-8
-2 - -6 - (-6 - -11)
-1
7 - (18 - 3 - 12)
4
What is the value of 0 + (-9 - (-9 - -5))?
-5
What is the value of 80 + -89 + (2 + -1 - 1)?
-9
Calculate -1 - (2 - 1) - (-9 - -10).
-3
7 + (2 - -6) + -13
2
Evaluate (12 - 9) + (-1 - -1) + -4.
-1
11 + (-12 - -10) + -5
4
Calculate 1 + (2 - 2) - (-14 - -19).
-4
What is the value of -13 + (8 - -7) - 3?
-1
What is (-1 - 1) + (63 - 58) + 1?
4
What is the value of 6 + 5 + -6 + -3?
2
What is 5 - (-2 + 0 + 1 + 0)?
6
What is 9 + -6 + 1 + (0 - 4)?
0
Calculate 4 + -12 + 8 + 6 - 5.
1
-3 - (-5 - 0 - 0 - 2)
4
Evaluate -1 - (-4 + 6) - (-4 - 0).
1
-7 + -2 + (8 - 12) + 2
-11
Evaluate (-5 - -15) + -9 + -5.
-4
What is -23 + 18 - (-13 - 3)?
11
Evaluate -4 + 14 - -1 - (-24 - -28).
7
What is 2 + -9 + 105 + -90?
8
What is the value of 1 - (-1 - 0 - (-4 + 0))?
-2
Evaluate 2 - -1 - (-1 + 7 + -2).
-1
(6 - -3 - 4) + (0 - 6)
-1
Evaluate 1 + -4 - (4 - 6 - 1).
0
What is the value of (5 - 6) + 3 + 0?
2
Evaluate 3 + (-1 - 1 - 2 - 2).
-3
What is -5 + 3 + -2 + 3?
-1
Evaluate -4 - (5 - -1 - 14).
4
Calculate -6 - ((0 - 1) + -4 + 3).
-4
Calculate -39 - -29 - (1 - 6).
-5
What is the value of -5 + 1 + -3 + 9 + -8?
-6
10 - 10 - ((-4 - -2) + 2)
0
Evaluate -3 - -3 - (4 + -2 + 1).
-3
What is the value of 0 - (-2 + -6 + 3)?
5
Calculate 1 + 20 + -25 + -1 + 8.
3
Evaluate -9 + 6 + (-2 - -1) - 0.
-4
What is (2 - (6 + -2) - -2) + -4?
-4
What is the value of -10 + 2 + 6 - 0?
-2
Calculate (-3 - 2) + 6 - (-3 - -7).
-3
Calculate 0 - 11 - -23 - 18.
-6
What is the value of -5 + (-7 - (-9 + -3)) + -5?
-5
Evaluate (4 - -4) + 9 + -17.
0
Evaluate 3 - 13 - (10 + -11).
-9
Evaluate -2 + 8 + -11 + (6 - 1).
0
What is the value of (-8 - 1) + (26 - 21)?
-4
3 - (-4 - (2 + -10))
-1
Evaluate -2 + (-18 + 18 - (-8 - -1)).
5
Evaluate 0 + -5 + -1 + -1 + 3.
-4
What is -1 - (4 - 5) - (2 - -1)?
-3
(-7 - -8) + (3 - -1) + -4
1
Evaluate (-2 - 1) + -60 + 54.
-9
Calculate -1 + 4 + -2 + 0 + 0.
1
Evaluate -235 + 233 + (6 + 0 - 1).
3
What is the value of -8 - (18 - 